{"id":222,"date":"2015-10-17T20:14:17","date_gmt":"2015-10-17T19:14:17","guid":{"rendered":"http:\/\/rmagdelaine.fr\/ame\/?page_id=222"},"modified":"2022-02-06T05:58:04","modified_gmt":"2022-02-06T04:58:04","slug":"coups-de-coeur","status":"publish","type":"page","link":"https:\/\/rmagdelaine.fr\/ame\/coups-de-coeur\/","title":{"rendered":"Mes coups de c\u0153ur"},"content":{"rendered":"<blockquote><p><strong>Associations&nbsp;:<\/strong><\/p><\/blockquote>\n<p><strong><a href=\"http:\/\/www.alinepeugeot.com\/\" target=\"_blank\" rel=\"noopener\">Aline Peugeot :<\/a><\/strong>&nbsp;<em><span class=\"st\">De par mes propres exp\u00e9riences et analyses je suis apte \u00e0 apporter mon t\u00e9moignage sur des sujets tels que l\u2019adoption, la violence conjugale, l\u2019alcoolisme, la prostitution, la violence morale, l\u2019influence des divers conditionnements, le poids des \u00ab&nbsp;\u00e9tiquettes&nbsp;\u00bb et des pr\u00e9jug\u00e9s&#8230;<\/span><\/em><br \/>\n<em><strong>Aline Peugeot<\/strong><\/em><\/p>\n<p><a href=\"http:\/\/www.lenfantetledeuil.com\/\" target=\"_blank\" rel=\"noopener\"><strong>L\u2019enfant et le deuil<\/strong>&nbsp;<\/a>: <em>Heureux de vous annoncer la NAISSANCE de la F\u00e9d\u00e9ration ClairEnfance qui a dej\u00e0 2 comit\u00e9s d\u00e9partementaux ( antenne du GARD qui remplace l&rsquo;association l&rsquo;enfant le deuil et la vie, et celle du Vaucluse&#8230;d&rsquo; autres s&rsquo;annoncent aussi pour 2017)<br \/>\n<strong>Le site l&rsquo;enfant et le deuil est en reconstruction (indisponible pour l&rsquo;instant)<\/strong><br \/>\n<strong>Claire Bazin<\/strong><\/em><\/p>\n<p style=\"text-align: right;\"><strong><em>&#8230; a suivre<\/em><\/strong><\/p>\n<blockquote><p><strong>Sites, Blogs, pages&nbsp;:<\/strong><\/p><\/blockquote>\n<p><a href=\"https:\/\/www.facebook.com\/raymond.magdelaine\" target=\"_blank\" rel=\"noopener\"><strong>Ma page Facebook<\/strong>&nbsp;<\/a>: <em>Elle est principalement d\u00e9di\u00e9e, aux <strong>chroniques de l\u2019\u00e2me<\/strong> et \u00e0 <strong>l\u2019accompagnement des \u00e2mes<\/strong>, avant, pendant et apr\u00e8s (eh oui&nbsp;! Apr\u00e8s il faut parfois encore les aider),ainsi <strong>qu&rsquo;\u00e0 tout ce qui fait sens dans une vie<\/strong> et en particulier dans la mienne.<\/em><\/p>\n<p><a href=\"http:\/\/sybelliance.simplesite.com\/\" target=\"_blank\" rel=\"noopener\"><strong>Un site d\u2019\u0153uvres inspir\u00e9es<\/strong><\/a> : Celles d\u2019une amie de c\u0153ur avec qui j\u2019ai beaucoup de points communs de convergence et des \u00e9changes sur l\u2019essentiel&#8230; <strong><em>des retrouvailles qui n\u2019ont rien avoir avec le hasard !<\/em><\/strong><br \/>\n<em><strong>Sybelliance<\/strong><\/em><\/p>\n<p style=\"text-align: left;\"><strong><a href=\"http:\/\/bzambelli.jimdo.com\/pr%C3%A9sentation\/\" target=\"_blank\" rel=\"noopener\">\u00c9veiller la lumi\u00e8re du c\u0153ur<\/a><\/strong>&nbsp;: avec la somme de mes exp\u00e9riences, avec mes comp\u00e9tences professionnelles et personnelles, je vous propose mon accompagnement dans votre parcours de d\u00e9couverte et de lib\u00e9ration de vous-m\u00eame&#8230; pour la r\u00e9v\u00e9lation de votre propre lumi\u00e8re, celle de votre c\u0153ur\u2009!<br \/>\n<em><strong>B\u00e9atrice Zambelli<\/strong><\/em><\/p>\n<p><a href=\"http:\/\/www.ecodog-orange.fr\" target=\"_blank\" rel=\"noopener\"><strong>Eco Dog<\/strong><\/a> :&nbsp;<em>Pourquoi pas ?&nbsp;alors que nous vivons dans des temps difficiles ou parfois nous ressentons tant de solitude en faisant face \u00e0 tout ; nous oublions que chacun d&rsquo;entre nous a un don sur lequel compter, un savoir faire, une capacit\u00e9, une intention de partager&#8230;aussi parfois un toilettage peut s&rsquo;\u00e9changer contre un service que vous pouvez me rendre !!! merci \u00e0 vous si cela vous permet de d\u00e9couvrir vos propres richesses et qu&rsquo;il vous convient de&nbsp;les partager !!<br \/>\n<strong>Myriam<\/strong><br \/>\n<\/em><\/p>\n<p><strong><a href=\"http:\/\/www.inrees.com\/\" target=\"_blank\" rel=\"noopener\">L&rsquo;INREES : <\/a><\/strong><em>Un site celui de l&rsquo;inexplor\u00e9, un m\u00e9dia qui parle de tous ce que les autres m\u00e9dias se refusent ou ne sont pas autoris\u00e9s \u00e0 parler, \u00e0 divulguer, un site \u00e0 visiter de toute urgence si vous ne voulez pas mourir idiot !<\/em><\/p>\n<p><strong><a href=\"http:\/\/www.lateledelilou.com\/\" target=\"_blank\" rel=\"noopener\">La T\u00e9l\u00e9 de Lilou <\/a><\/strong>: <em>C\u2019est le site de la \u00ab porteuse de lumi\u00e8re \u00bb de la nouvelle humanit\u00e9 qui est \u00e0 pied d\u2019\u0153uvre, celle qui va transformer l\u2019humanit\u00e9 en Humanit\u00e9 consciente de ses responsabilit\u00e9s et de sa toute puissance d\u2019Amour, rejoignez-l\u00e0, rejoignez Lilou,&nbsp;la terre en a un besoin URGENT !<\/em><\/p>\n<p><a href=\"http:\/\/zabethfournieref28.wix.com\/la-conscience\" target=\"_blank\" rel=\"noopener\"><strong>Le Site d\u2019\u00c9lisabeth<\/strong>&nbsp;<\/a>: <em>Cela remonte \u00e0 l\u2019enfance, &nbsp;lorsque j\u2019avais 8 ans, je me retrouvais hors de mon corps, \u00e0 environ 1&nbsp;m du lit o\u00f9 je dormais. (comme sur l\u2019image, mais beaucoup plus pr\u00e8s de mon corps). D\u2019autres fois, il me suffisait de fixer un objet (en l\u2019occurrence les motifs des rideaux de la salle \u00e0 manger), pour qu\u2019aussit\u00f4t je sois projet\u00e9e dans un monde parall\u00e8le, ou bien \u00e9tant \u00e9vanouie, je sois all\u00e9e dans un paysage tellement beau, qu\u2019en r\u00e9int\u00e9grant mon corps j\u2019\u00e9tais tellement excit\u00e9e de ma d\u00e9couverte que je criais \u00e0 ma m\u00e8re ce que j\u2019avais vu et que c\u2019\u00e9tait tellement bien !&nbsp;.<\/em><\/p>\n<p><a href=\"http:\/\/zazibulle.wix.com\/animations#!zazibulle\/c786\" target=\"_blank\" rel=\"noopener\"><strong>Zazibulle &#8211; Animations<\/strong><\/a>, <em>Zazibule<\/em> d<em>ans une autre vie, est th\u00e9rapeute. Musicoth\u00e9rapeute pr\u00e9cis\u00e9ment ! Sp\u00e9cialis\u00e9e aupr\u00e8s d\u2019enfants avec autisme. C\u2019est aussi une musicienne, chanteuse, auteur-compositeur-interpr\u00e8te.<\/em><\/p>\n<p style=\"text-align: right;\"><strong><em>&#8230; a suivre<\/em><\/strong><\/p>\n<blockquote><p>Je compl\u00e8te cette page au fur et \u00e0 mesure de mes coups de c\u0153ur !<\/p>\n<p style=\"text-align: right;\">Raymond <strong>MAGDELAINE<\/strong><\/p>\n<\/blockquote>\n","protected":false},"excerpt":{"rendered":"<p>Associations&nbsp;: Aline Peugeot :&nbsp;De par mes propres exp\u00e9riences et analyses je suis apte \u00e0 apporter mon t\u00e9moignage sur des sujets tels que l\u2019adoption, la violence conjugale, l\u2019alcoolisme, la prostitution, la violence morale, l\u2019influence des divers conditionnements, le poids des \u00ab&nbsp;\u00e9tiquettes&nbsp;\u00bb et des pr\u00e9jug\u00e9s&#8230; Aline Peugeot L\u2019enfant et le deuil&nbsp;: Heureux de vous annoncer la NAISSANCE &hellip; <a href=\"https:\/\/rmagdelaine.fr\/ame\/coups-de-coeur\/\" class=\"more-link\">Continuer la lecture de <span class=\"screen-reader-text\">Mes coups de c\u0153ur<\/span> <span class=\"meta-nav\">&rarr;<\/span><\/a><\/p>\n","protected":false},"author":1,"featured_media":0,"parent":0,"menu_order":0,"comment_status":"closed","ping_status":"closed","template":"","meta":{"_crdt_document":"","footnotes":""},"class_list":["post-222","page","type-page","status-publish","hentry"],"_links":{"self":[{"href":"https:\/\/rmagdelaine.fr\/ame\/wp-json\/wp\/v2\/pages\/222","targetHints":{"allow":["GET"]}}],"collection":[{"href":"https:\/\/rmagdelaine.fr\/ame\/wp-json\/wp\/v2\/pages"}],"about":[{"href":"https:\/\/rmagdelaine.fr\/ame\/wp-json\/wp\/v2\/types\/page"}],"author":[{"embeddable":true,"href":"https:\/\/rmagdelaine.fr\/ame\/wp-json\/wp\/v2\/users\/1"}],"replies":[{"embeddable":true,"href":"https:\/\/rmagdelaine.fr\/ame\/wp-json\/wp\/v2\/comments?post=222"}],"version-history":[{"count":55,"href":"https:\/\/rmagdelaine.fr\/ame\/wp-json\/wp\/v2\/pages\/222\/revisions"}],"predecessor-version":[{"id":4552,"href":"https:\/\/rmagdelaine.fr\/ame\/wp-json\/wp\/v2\/pages\/222\/revisions\/4552"}],"wp:attachment":[{"href":"https:\/\/rmagdelaine.fr\/ame\/wp-json\/wp\/v2\/media?parent=222"}],"curies":[{"name":"wp","href":"https:\/\/api.w.org\/{rel}","templated":true}]}}