{"id":1696,"date":"2016-05-13T08:09:17","date_gmt":"2016-05-13T07:09:17","guid":{"rendered":"http:\/\/rmagdelaine.fr\/ame\/?page_id=1696"},"modified":"2022-02-06T06:31:24","modified_gmt":"2022-02-06T05:31:24","slug":"je-me-des-livres","status":"publish","type":"page","link":"https:\/\/rmagdelaine.fr\/ame\/je-me-des-livres\/","title":{"rendered":"Tous mes livres"},"content":{"rendered":"\n<h3 class=\"wp-block-heading\" id=\"le-continent-oublie\"><strong>Le conti<\/strong><strong>nent oubli\u00e9<\/strong><\/h3>\n\n\n\n<p class=\"wp-block-paragraph\"><strong>Il est actuellement en cours d&rsquo;\u00e9criture<\/strong> et de correction, mais pour les plus impatientes ou impatients, vous pouvez, si le c\u0153ur vous en dit, lire <strong>le premier chapitre<\/strong> au format <strong>num\u00e9rique<\/strong> (kindle), ou au format <strong>broch\u00e9<\/strong> en cliquant sur le lien ci-dessous.<\/p>\n\n\n\n<figure class=\"wp-block-embed is-type-rich is-provider-amazon wp-block-embed-amazon\"><div class=\"wp-block-embed__wrapper\">\n<iframe loading=\"lazy\" title=\"Le continent oubli\u00e9: et les traces laiss\u00e9es par l&#039;ancienne civilisation.\" type=\"text\/html\" width=\"604\" height=\"550\" frameborder=\"0\" allowfullscreen style=\"max-width:100%\" src=\"https:\/\/lire.amazon.fr\/kp\/card?preview=inline&#038;linkCode=kpd&#038;ref_=k4w_oembed_Cg9g9qtdB4b9kV&#038;asin=B09LVMMH4C&#038;tag=kpembed-20\"><\/iframe>\n<\/div><\/figure>\n\n\n\n<p class=\"has-text-align-center wp-block-paragraph\">J&rsquo;esp\u00e8re bien pouvoir le terminer avant la fin du premier semestre 2022<\/p>\n\n\n\n<h2 class=\"wp-block-heading\" id=\"mes-autres-livres\"><strong>Mes autres livres<\/strong><\/h2>\n\n\n\n<div class=\"wp-block-image\"><figure class=\"aligncenter\"><img loading=\"lazy\" decoding=\"async\" width=\"1024\" height=\"688\" src=\"http:\/\/rmagdelaine.fr\/ame\/wp-content\/uploads\/2019\/02\/Couverture-tome-2-1-1024x688.jpg\" alt=\"\" class=\"wp-image-4023\"\/><\/figure><\/div>\n\n\n\n<div class=\"wp-block-image\"><figure class=\"aligncenter\"><img loading=\"lazy\" decoding=\"async\" width=\"1024\" height=\"735\" src=\"http:\/\/rmagdelaine.fr\/ame\/wp-content\/uploads\/2019\/02\/Seconde-page-int\u00e9rieure-1024x735.jpg\" alt=\"\" class=\"wp-image-4020\" srcset=\"https:\/\/rmagdelaine.fr\/ame\/wp-content\/uploads\/2019\/02\/Seconde-page-int\u00e9rieure-1024x735.jpg 1024w, https:\/\/rmagdelaine.fr\/ame\/wp-content\/uploads\/2019\/02\/Seconde-page-int\u00e9rieure-300x215.jpg 300w, https:\/\/rmagdelaine.fr\/ame\/wp-content\/uploads\/2019\/02\/Seconde-page-int\u00e9rieure-768x552.jpg 768w, https:\/\/rmagdelaine.fr\/ame\/wp-content\/uploads\/2019\/02\/Seconde-page-int\u00e9rieure.jpg 1178w\" sizes=\"auto, (max-width: 1024px) 100vw, 1024px\" \/><\/figure><\/div>\n\n\n\n<p class=\"has-text-align-center wp-block-paragraph\"><strong>Les \u00ab Chroniques de l&rsquo;\u00e2me : tome 2\u2009\u00bb<\/strong><em>&nbsp;&nbsp; <\/em><em> Vous pouvez maintenant lire les 123 nouvelles chroniques <\/em><em>disponibles <strong>au format kindle<\/strong> ou broch\u00e9 17 x 24.5 cm :<\/em> <strong><a href=\"https:\/\/www.amazon.fr\/dp\/B07JM2TV73\"><em>ICI<\/em><\/a><\/strong><em>,<\/em> o<em>u<strong> au format epub : <\/strong><\/em><strong><a href=\"https:\/\/www.thebookedition.com\/fr\/chroniques-de-l-ame-tome-2-p-363582.html\"><em>ICI<\/em><\/a><\/strong><br><em>&nbsp;&nbsp;&nbsp;&nbsp; La version papier couleur est disponible chez <strong>Amazon <\/strong>et prochainement chez <strong>Edilivre<\/strong>.<\/em><\/p>\n\n\n\n<ul class=\"wp-block-list\"><li><a href=\"https:\/\/www.amazon.fr\/s\/ref=nb_sb_ss_i_1_11?__mk_fr_FR=%C3%85M%C3%85%C5%BD%C3%95%C3%91&amp;url=search-alias%3Dstripbooks&amp;field-keywords=raymond+magdelaine&amp;sprefix=raymond+mag%2Cstripbooks%2C168\" target=\"_blank\" rel=\"noopener noreferrer\">Lien chez Amazon<\/a><\/li><li><a href=\"https:\/\/www.edilivre.com\/catalog\/product\/view\/id\/832682\/s\/chroniques-de-l-ame-hors-279b2c178f\/category\/1566\/#.WMUlA8navRZ\" target=\"_blank\" rel=\"noopener noreferrer\">Lien chez Edilivre<\/a> <em><br><\/em><\/li><\/ul>\n\n\n\n<p class=\"wp-block-paragraph\"><em><strong>&nbsp;&nbsp;&nbsp; Vous pouvez me retrouver<\/strong> sur la page <strong>Auteur<\/strong> d\u2019Amazon :<\/em><\/p>\n\n\n\n<ul class=\"wp-block-list\"><li><a href=\"http:\/\/www.amazon.fr\/Raymond-MAGDELAINE\/e\/B01CE21WI0\/ref=sr_ntt_srch_lnk_2?qid=1462690670&amp;sr=1-2\" target=\"_blank\" rel=\"noopener noreferrer\">Ma page d&rsquo;Auteur-Editeur<\/a> <em>(Amazon m&rsquo;offrant<\/em><em> le meilleur outil d&rsquo;auto-\u00e9dition.)<\/em><\/li><\/ul>\n\n\n\n<p class=\"wp-block-paragraph\"><em><strong>&nbsp;&nbsp;&nbsp; Je ne souhaite pas m\u2019enrichir<\/strong> avec ses chroniques je souhaite juste vous faire profiter d\u2019une vision sans tabou de cette merveilleuse transition vers la Lumi\u00e8re, <strong>qui a donn\u00e9 un sens \u00e0 ma vie ici-bas<\/strong>.<br><\/em><em>&nbsp;&nbsp;&nbsp; Si vous avez des finances limit\u00e9es pour vous procurer <\/em><em>la version broch\u00e9e, <a href=\"mailto: r.magdelaine@free.fr\">contactez-moi<\/a> je vous offrirais la version PDF.<br><\/em><\/p>\n\n\n\n<hr class=\"wp-block-separator\"\/>\n\n\n\n<blockquote class=\"wp-block-quote is-layout-flow wp-block-quote-is-layout-flow\"><p style=\"text-align: center;\"><strong>Essais sur la conscience et ses \u00e9tats modifi\u00e9s<\/strong><\/p><\/blockquote>\n\n\n\n<div class=\"wp-block-image\"><figure class=\"aligncenter\"><img loading=\"lazy\" decoding=\"async\" width=\"1024\" height=\"749\" src=\"http:\/\/rmagdelaine.fr\/ame\/wp-content\/uploads\/2019\/02\/Couverture-Essais-sur-la-conscience-2-1024x749.jpg\" alt=\"\" class=\"wp-image-4026\" srcset=\"https:\/\/rmagdelaine.fr\/ame\/wp-content\/uploads\/2019\/02\/Couverture-Essais-sur-la-conscience-2-1024x749.jpg 1024w, https:\/\/rmagdelaine.fr\/ame\/wp-content\/uploads\/2019\/02\/Couverture-Essais-sur-la-conscience-2-300x219.jpg 300w, https:\/\/rmagdelaine.fr\/ame\/wp-content\/uploads\/2019\/02\/Couverture-Essais-sur-la-conscience-2-768x562.jpg 768w, https:\/\/rmagdelaine.fr\/ame\/wp-content\/uploads\/2019\/02\/Couverture-Essais-sur-la-conscience-2.jpg 1077w\" sizes=\"auto, (max-width: 1024px) 100vw, 1024px\" \/><\/figure><\/div>\n\n\n\n<div class=\"wp-block-image\"><figure class=\"aligncenter\"><img loading=\"lazy\" decoding=\"async\" width=\"1024\" height=\"768\" src=\"http:\/\/rmagdelaine.fr\/ame\/wp-content\/uploads\/2019\/02\/Page-int\u00e9rieure-des-Essais-1024x768.jpg\" alt=\"\" class=\"wp-image-3999\" srcset=\"https:\/\/rmagdelaine.fr\/ame\/wp-content\/uploads\/2019\/02\/Page-int\u00e9rieure-des-Essais-1024x768.jpg 1024w, https:\/\/rmagdelaine.fr\/ame\/wp-content\/uploads\/2019\/02\/Page-int\u00e9rieure-des-Essais-300x225.jpg 300w, https:\/\/rmagdelaine.fr\/ame\/wp-content\/uploads\/2019\/02\/Page-int\u00e9rieure-des-Essais-768x576.jpg 768w, https:\/\/rmagdelaine.fr\/ame\/wp-content\/uploads\/2019\/02\/Page-int\u00e9rieure-des-Essais.jpg 1128w\" sizes=\"auto, (max-width: 1024px) 100vw, 1024px\" \/><\/figure><\/div>\n\n\n\n<p class=\"wp-block-paragraph\">&nbsp;&nbsp;&nbsp;&nbsp; Ce livre est une \u00e9bauche propos\u00e9e \u00e0 la vente au format broch\u00e9 et num\u00e9rique pour conna\u00eetre votre avis sur son contenu, que je compte dans un futur, proche d\u00e9velopper, donnez-moi votre avis. Cliquez <a href=\"https:\/\/www.amazon.fr\/Essais-sur-conscience-\u00e9tats-modifi\u00e9s-ebook\/dp\/B07JVM6V91\/ref=asap_bc?ie=UTF8\"><strong>ICI<\/strong><\/a> pour vous le procurer !<br><\/p>\n\n\n\n<hr class=\"wp-block-separator\"\/>\n\n\n\n<blockquote class=\"wp-block-quote is-layout-flow wp-block-quote-is-layout-flow\"><p style=\"text-align: center;\"><strong>Les \u00ab\u2009Chroniques de l\u2019\u00e2me hors\u2009\u00bb<\/strong><\/p><\/blockquote>\n\n\n\n<p class=\"wp-block-paragraph\">&nbsp;&nbsp;&nbsp;&nbsp; Elles ont commenc\u00e9 \u00e0 voir le jour sur ce blog, puis ont \u00e9t\u00e9 publi\u00e9es au format num\u00e9rique (.epub, format standard) pour \u00eatre lu sur Liseuse, Tablette ou sur Smartphone.<br><strong>&nbsp;&nbsp;&nbsp; Les deux formats que j&rsquo;ai retenus pour l&rsquo;\u00e9dition des \u00ab\u00a0Chroniques de l&rsquo;\u00e2me hors\u00a0\u00bb serons mis \u00e0 jour r\u00e9guli\u00e8rement.<\/strong><\/p>\n\n\n\n<div class=\"wp-block-image\"><figure class=\"aligncenter\"><img loading=\"lazy\" decoding=\"async\" width=\"1024\" height=\"689\" src=\"http:\/\/rmagdelaine.fr\/ame\/wp-content\/uploads\/2019\/03\/Tome-1-1024x689.png\" alt=\"\" class=\"wp-image-4090\" srcset=\"https:\/\/rmagdelaine.fr\/ame\/wp-content\/uploads\/2019\/03\/Tome-1-1024x689.png 1024w, https:\/\/rmagdelaine.fr\/ame\/wp-content\/uploads\/2019\/03\/Tome-1-300x202.png 300w, https:\/\/rmagdelaine.fr\/ame\/wp-content\/uploads\/2019\/03\/Tome-1-768x517.png 768w, https:\/\/rmagdelaine.fr\/ame\/wp-content\/uploads\/2019\/03\/Tome-1.png 1152w\" sizes=\"auto, (max-width: 1024px) 100vw, 1024px\" \/><\/figure><\/div>\n\n\n\n<div class=\"wp-block-image\"><figure class=\"aligncenter\"><img loading=\"lazy\" decoding=\"async\" width=\"1024\" height=\"737\" src=\"http:\/\/rmagdelaine.fr\/ame\/wp-content\/uploads\/2018\/10\/Page-double-1024x737.jpg\" alt=\"\" class=\"wp-image-3792\" srcset=\"https:\/\/rmagdelaine.fr\/ame\/wp-content\/uploads\/2018\/10\/Page-double-1024x737.jpg 1024w, https:\/\/rmagdelaine.fr\/ame\/wp-content\/uploads\/2018\/10\/Page-double-300x216.jpg 300w, https:\/\/rmagdelaine.fr\/ame\/wp-content\/uploads\/2018\/10\/Page-double-768x553.jpg 768w, https:\/\/rmagdelaine.fr\/ame\/wp-content\/uploads\/2018\/10\/Page-double.jpg 1182w\" sizes=\"auto, (max-width: 1024px) 100vw, 1024px\" \/><\/figure><\/div>\n\n\n\n<p class=\"wp-block-paragraph\"><em>&nbsp;&nbsp;&nbsp;&nbsp; <strong>Format r\u00e9duit du livre<\/strong>, 90 chroniques, images et texte en couleur. Disponible <a href=\"https:\/\/www.amazon.fr\/dp\/1728682517\"><strong>ICI<\/strong><\/a><br>ou, le <strong><a href=\"https:\/\/www.monbestseller.com\/manuscrit\/10723-chroniques-de-lame-hors-demystification-de-la-mort?fbclid=IwAR2VxojcRsFzP8IYAEg7q-z_qAVfQA5d-3Gamd1YghMGaFAStfYd22sQrqw\" target=\"_blank\" rel=\"noopener noreferrer\">lire enti\u00e8rement et&nbsp; gratuitement en ligne<\/a> !<br><\/strong><\/em><\/p>\n\n\n\n<p class=\"has-text-align-left wp-block-paragraph\"><strong>Note de l&rsquo;auteur : <\/strong><em>Les autres formats que vous pouvez voir encore sur Amazon <strong>ne seront plus mis \u00e0 jour<\/strong>, j\u2019aurais souhait\u00e9 les \u00f4ter de ma page auteur, mais il semblerait, d\u2019apr\u00e8s Amazon, que ce soit techniquement impossible <strong>pour des raisons qui \u00e9chappent \u00e0 ma raison<\/strong>.<\/em><\/p>\n\n\n\n<blockquote class=\"wp-block-quote is-layout-flow wp-block-quote-is-layout-flow\"><p style=\"text-align: right;\">Raymond <strong>MAGDELAINE<\/strong><\/p><\/blockquote>\n\n\n\n<p class=\"wp-block-paragraph\"><\/p>\n","protected":false},"excerpt":{"rendered":"<p>Le continent oubli\u00e9 Il est actuellement en cours d&rsquo;\u00e9criture et de correction, mais pour les plus impatientes ou impatients, vous pouvez, si le c\u0153ur vous en dit, lire le premier chapitre au format num\u00e9rique (kindle), ou au format broch\u00e9 en cliquant sur le lien ci-dessous. J&rsquo;esp\u00e8re bien pouvoir le terminer avant la fin du premier &hellip; <a href=\"https:\/\/rmagdelaine.fr\/ame\/je-me-des-livres\/\" class=\"more-link\">Continuer la lecture de <span class=\"screen-reader-text\">Tous mes livres<\/span> <span class=\"meta-nav\">&rarr;<\/span><\/a><\/p>\n","protected":false},"author":1,"featured_media":0,"parent":0,"menu_order":0,"comment_status":"closed","ping_status":"closed","template":"","meta":{"_crdt_document":"","footnotes":""},"class_list":["post-1696","page","type-page","status-publish","hentry"],"_links":{"self":[{"href":"https:\/\/rmagdelaine.fr\/ame\/wp-json\/wp\/v2\/pages\/1696","targetHints":{"allow":["GET"]}}],"collection":[{"href":"https:\/\/rmagdelaine.fr\/ame\/wp-json\/wp\/v2\/pages"}],"about":[{"href":"https:\/\/rmagdelaine.fr\/ame\/wp-json\/wp\/v2\/types\/page"}],"author":[{"embeddable":true,"href":"https:\/\/rmagdelaine.fr\/ame\/wp-json\/wp\/v2\/users\/1"}],"replies":[{"embeddable":true,"href":"https:\/\/rmagdelaine.fr\/ame\/wp-json\/wp\/v2\/comments?post=1696"}],"version-history":[{"count":203,"href":"https:\/\/rmagdelaine.fr\/ame\/wp-json\/wp\/v2\/pages\/1696\/revisions"}],"predecessor-version":[{"id":5125,"href":"https:\/\/rmagdelaine.fr\/ame\/wp-json\/wp\/v2\/pages\/1696\/revisions\/5125"}],"wp:attachment":[{"href":"https:\/\/rmagdelaine.fr\/ame\/wp-json\/wp\/v2\/media?parent=1696"}],"curies":[{"name":"wp","href":"https:\/\/api.w.org\/{rel}","templated":true}]}}